{"id":11326,"date":"2025-09-14T10:39:39","date_gmt":"2025-09-14T08:39:39","guid":{"rendered":"https:\/\/yuga.at\/?post_type=mec-events&#038;p=11326"},"modified":"2025-11-29T07:50:31","modified_gmt":"2025-11-29T06:50:31","slug":"humanitarni-koncert-marka-louis-a-za-decu","status":"publish","type":"mec-events","link":"https:\/\/yuga.at\/de\/dogadjaji\/humanitarni-koncert-marka-louis-a-za-decu\/","title":{"rendered":"Humanitarni koncert Marka Louis-a za decu"},"content":{"rendered":"<p class=\"has-text-align-left\">Albert Hall<br>Albertgasse 35, 1070 Wien<br><br><mark style=\"background-color:rgba(0, 0, 0, 0)\" class=\"has-inline-color has-vivid-red-color\">Sreda, 01.10.2025. od 18:00h<\/mark><\/p>\n\n\n\n<p>U sklopu obele\u017eavanja 30 godina rada i postojanja Srpskog centra, 01.10. sa po\u010detkom u 18.00 u Albert Hall-u odr\u017ea\u0107e se humanitarni koncert za decu: \u201eJa se zovem slon\u201c. Ulaz je od 17.00 \u010dasova.<\/p>\n\n\n\n<p>Sav prihod od prodatih karata bi\u0107e namenjen le\u010denju dece obolele od raka u St. Anna Kinderspital u Be\u010du.<\/p>\n\n\n\n<p>Marko Louis nam predstavlja svoj prvi de\u010dji album \u201eJa se zovem slon\u201c namenjen najmla\u0111ima \u2013 i svima koji veruju u snagu koju muzika donosi.<\/p>\n\n\n\n<p>Ovaj koncert je muzi\u010dko putovanje kroz porodi\u010dne vrednosti, iskrenost i kreativnost.<\/p>\n\n\n\n<div class=\"wp-block-buttons is-layout-flex wp-block-buttons-is-layout-flex\">\n<div class=\"wp-block-button\"><a class=\"wp-block-button__link wp-element-button\" href=\"https:\/\/events.eventjet.at\/e\/humanitarni-koncert-marka-louis-a-za-decu\/\" target=\"_blank\" rel=\"noreferrer noopener\">online ulaznice<\/a><\/div>\n<\/div>","protected":false},"excerpt":{"rendered":"<p>Albert HallAlbertgasse 35, 1070 Wien Sreda, 01.10.2025. od 18:00h U sklopu obele\u017eavanja 30 godina rada i postojanja Srpskog centra, 01.10. sa po\u010detkom u 18.00&#8230;<\/p>","protected":false},"author":3,"featured_media":17631,"comment_status":"closed","ping_status":"closed","template":"","tags":[],"mec_category":[367,628],"class_list":["post-11326","mec-events","type-mec-events","status-publish","has-post-thumbnail","hentry","mec_category-koncerti","mec_category-kultura","entry"],"acf":[],"yoast_head":"<!-- This site is optimized with the Yoast SEO plugin v27.3 - https:\/\/yoast.com\/product\/yoast-seo-wordpress\/ -->\n<title>Humanitarni koncert Marka Louis-a za decu - YUga.at<\/title>\n<meta name=\"robots\" content=\"index, follow, max-snippet:-1, max-image-preview:large, max-video-preview:-1\" \/>\n<link rel=\"canonical\" href=\"https:\/\/yuga.at\/de\/dogadjaji\/humanitarni-koncert-marka-louis-a-za-decu\/\" \/>\n<meta property=\"og:locale\" content=\"de_DE\" \/>\n<meta property=\"og:type\" content=\"article\" \/>\n<meta property=\"og:title\" content=\"Humanitarni koncert Marka Louis-a za decu - YUga.at\" \/>\n<meta property=\"og:description\" content=\"Albert HallAlbertgasse 35, 1070 Wien Sreda, 01.10.2025. od 18:00h U sklopu obele\u017eavanja 30 godina rada i postojanja Srpskog centra, 01.10. sa po\u010detkom u 18.00...\" \/>\n<meta property=\"og:url\" content=\"https:\/\/yuga.at\/de\/dogadjaji\/humanitarni-koncert-marka-louis-a-za-decu\/\" \/>\n<meta property=\"og:site_name\" content=\"YUga.at\" \/>\n<meta property=\"article:publisher\" content=\"https:\/\/www.facebook.com\/yuga.austria\" \/>\n<meta property=\"article:modified_time\" content=\"2025-11-29T06:50:31+00:00\" \/>\n<meta property=\"og:image\" content=\"https:\/\/yuga.at\/wp-content\/uploads\/marko-lusi-hum-koncert.gif\" \/>\n\t<meta property=\"og:image:width\" content=\"1024\" \/>\n\t<meta property=\"og:image:height\" content=\"576\" \/>\n\t<meta property=\"og:image:type\" content=\"image\/gif\" \/>\n<meta name=\"twitter:card\" content=\"summary_large_image\" \/>\n<meta name=\"twitter:label1\" content=\"Gesch\u00e4tzte Lesezeit\" \/>\n\t<meta name=\"twitter:data1\" content=\"1\u00a0Minute\" \/>\n<script type=\"application\/ld+json\" class=\"yoast-schema-graph\">{\"@context\":\"https:\\\/\\\/schema.org\",\"@graph\":[{\"@type\":\"WebPage\",\"@id\":\"https:\\\/\\\/yuga.at\\\/dogadjaji\\\/humanitarni-koncert-marka-louis-a-za-decu\\\/\",\"url\":\"https:\\\/\\\/yuga.at\\\/dogadjaji\\\/humanitarni-koncert-marka-louis-a-za-decu\\\/\",\"name\":\"Humanitarni koncert Marka Louis-a za decu - YUga.at\",\"isPartOf\":{\"@id\":\"https:\\\/\\\/yuga.at\\\/#website\"},\"primaryImageOfPage\":{\"@id\":\"https:\\\/\\\/yuga.at\\\/dogadjaji\\\/humanitarni-koncert-marka-louis-a-za-decu\\\/#primaryimage\"},\"image\":{\"@id\":\"https:\\\/\\\/yuga.at\\\/dogadjaji\\\/humanitarni-koncert-marka-louis-a-za-decu\\\/#primaryimage\"},\"thumbnailUrl\":\"https:\\\/\\\/yuga.at\\\/wp-content\\\/uploads\\\/marko-lusi-hum-koncert.gif\",\"datePublished\":\"2025-09-14T08:39:39+00:00\",\"dateModified\":\"2025-11-29T06:50:31+00:00\",\"breadcrumb\":{\"@id\":\"https:\\\/\\\/yuga.at\\\/dogadjaji\\\/humanitarni-koncert-marka-louis-a-za-decu\\\/#breadcrumb\"},\"inLanguage\":\"de\",\"potentialAction\":[{\"@type\":\"ReadAction\",\"target\":[\"https:\\\/\\\/yuga.at\\\/dogadjaji\\\/humanitarni-koncert-marka-louis-a-za-decu\\\/\"]}]},{\"@type\":\"ImageObject\",\"inLanguage\":\"de\",\"@id\":\"https:\\\/\\\/yuga.at\\\/dogadjaji\\\/humanitarni-koncert-marka-louis-a-za-decu\\\/#primaryimage\",\"url\":\"https:\\\/\\\/yuga.at\\\/wp-content\\\/uploads\\\/marko-lusi-hum-koncert.gif\",\"contentUrl\":\"https:\\\/\\\/yuga.at\\\/wp-content\\\/uploads\\\/marko-lusi-hum-koncert.gif\",\"width\":1024,\"height\":576},{\"@type\":\"BreadcrumbList\",\"@id\":\"https:\\\/\\\/yuga.at\\\/dogadjaji\\\/humanitarni-koncert-marka-louis-a-za-decu\\\/#breadcrumb\",\"itemListElement\":[{\"@type\":\"ListItem\",\"position\":1,\"name\":\"Home\",\"item\":\"https:\\\/\\\/yuga.at\\\/\"},{\"@type\":\"ListItem\",\"position\":2,\"name\":\"Humanitarni koncert Marka Louis-a za decu\"}]},{\"@type\":\"WebSite\",\"@id\":\"https:\\\/\\\/yuga.at\\\/#website\",\"url\":\"https:\\\/\\\/yuga.at\\\/\",\"name\":\"YUga.at\",\"description\":\"exYU Portal\",\"publisher\":{\"@id\":\"https:\\\/\\\/yuga.at\\\/#organization\"},\"potentialAction\":[{\"@type\":\"SearchAction\",\"target\":{\"@type\":\"EntryPoint\",\"urlTemplate\":\"https:\\\/\\\/yuga.at\\\/?s={search_term_string}\"},\"query-input\":{\"@type\":\"PropertyValueSpecification\",\"valueRequired\":true,\"valueName\":\"search_term_string\"}}],\"inLanguage\":\"de\"},{\"@type\":\"Organization\",\"@id\":\"https:\\\/\\\/yuga.at\\\/#organization\",\"name\":\"YUga.at\",\"url\":\"https:\\\/\\\/yuga.at\\\/\",\"logo\":{\"@type\":\"ImageObject\",\"inLanguage\":\"de\",\"@id\":\"https:\\\/\\\/yuga.at\\\/#\\\/schema\\\/logo\\\/image\\\/\",\"url\":\"https:\\\/\\\/yuga.at\\\/wp-content\\\/uploads\\\/yuga-logo-black-250.png\",\"contentUrl\":\"https:\\\/\\\/yuga.at\\\/wp-content\\\/uploads\\\/yuga-logo-black-250.png\",\"width\":250,\"height\":143,\"caption\":\"YUga.at\"},\"image\":{\"@id\":\"https:\\\/\\\/yuga.at\\\/#\\\/schema\\\/logo\\\/image\\\/\"},\"sameAs\":[\"https:\\\/\\\/www.facebook.com\\\/yuga.austria\",\"https:\\\/\\\/www.instagram.com\\\/yuga.at\\\/\"]}]}<\/script>\n<!-- \/ Yoast SEO plugin. -->","yoast_head_json":{"title":"Humanitarni koncert Marka Louis-a za decu - YUga.at","robots":{"index":"index","follow":"follow","max-snippet":"max-snippet:-1","max-image-preview":"max-image-preview:large","max-video-preview":"max-video-preview:-1"},"canonical":"https:\/\/yuga.at\/de\/dogadjaji\/humanitarni-koncert-marka-louis-a-za-decu\/","og_locale":"de_DE","og_type":"article","og_title":"Humanitarni koncert Marka Louis-a za decu - YUga.at","og_description":"Albert HallAlbertgasse 35, 1070 Wien Sreda, 01.10.2025. od 18:00h U sklopu obele\u017eavanja 30 godina rada i postojanja Srpskog centra, 01.10. sa po\u010detkom u 18.00...","og_url":"https:\/\/yuga.at\/de\/dogadjaji\/humanitarni-koncert-marka-louis-a-za-decu\/","og_site_name":"YUga.at","article_publisher":"https:\/\/www.facebook.com\/yuga.austria","article_modified_time":"2025-11-29T06:50:31+00:00","og_image":[{"width":1024,"height":576,"url":"https:\/\/yuga.at\/wp-content\/uploads\/marko-lusi-hum-koncert.gif","type":"image\/gif"}],"twitter_card":"summary_large_image","twitter_misc":{"Gesch\u00e4tzte Lesezeit":"1\u00a0Minute"},"schema":{"@context":"https:\/\/schema.org","@graph":[{"@type":"WebPage","@id":"https:\/\/yuga.at\/dogadjaji\/humanitarni-koncert-marka-louis-a-za-decu\/","url":"https:\/\/yuga.at\/dogadjaji\/humanitarni-koncert-marka-louis-a-za-decu\/","name":"Humanitarni koncert Marka Louis-a za decu - YUga.at","isPartOf":{"@id":"https:\/\/yuga.at\/#website"},"primaryImageOfPage":{"@id":"https:\/\/yuga.at\/dogadjaji\/humanitarni-koncert-marka-louis-a-za-decu\/#primaryimage"},"image":{"@id":"https:\/\/yuga.at\/dogadjaji\/humanitarni-koncert-marka-louis-a-za-decu\/#primaryimage"},"thumbnailUrl":"https:\/\/yuga.at\/wp-content\/uploads\/marko-lusi-hum-koncert.gif","datePublished":"2025-09-14T08:39:39+00:00","dateModified":"2025-11-29T06:50:31+00:00","breadcrumb":{"@id":"https:\/\/yuga.at\/dogadjaji\/humanitarni-koncert-marka-louis-a-za-decu\/#breadcrumb"},"inLanguage":"de","potentialAction":[{"@type":"ReadAction","target":["https:\/\/yuga.at\/dogadjaji\/humanitarni-koncert-marka-louis-a-za-decu\/"]}]},{"@type":"ImageObject","inLanguage":"de","@id":"https:\/\/yuga.at\/dogadjaji\/humanitarni-koncert-marka-louis-a-za-decu\/#primaryimage","url":"https:\/\/yuga.at\/wp-content\/uploads\/marko-lusi-hum-koncert.gif","contentUrl":"https:\/\/yuga.at\/wp-content\/uploads\/marko-lusi-hum-koncert.gif","width":1024,"height":576},{"@type":"BreadcrumbList","@id":"https:\/\/yuga.at\/dogadjaji\/humanitarni-koncert-marka-louis-a-za-decu\/#breadcrumb","itemListElement":[{"@type":"ListItem","position":1,"name":"Home","item":"https:\/\/yuga.at\/"},{"@type":"ListItem","position":2,"name":"Humanitarni koncert Marka Louis-a za decu"}]},{"@type":"WebSite","@id":"https:\/\/yuga.at\/#website","url":"https:\/\/yuga.at\/","name":"YUga.at","description":"exYU Portal","publisher":{"@id":"https:\/\/yuga.at\/#organization"},"potentialAction":[{"@type":"SearchAction","target":{"@type":"EntryPoint","urlTemplate":"https:\/\/yuga.at\/?s={search_term_string}"},"query-input":{"@type":"PropertyValueSpecification","valueRequired":true,"valueName":"search_term_string"}}],"inLanguage":"de"},{"@type":"Organization","@id":"https:\/\/yuga.at\/#organization","name":"YUga.at","url":"https:\/\/yuga.at\/","logo":{"@type":"ImageObject","inLanguage":"de","@id":"https:\/\/yuga.at\/#\/schema\/logo\/image\/","url":"https:\/\/yuga.at\/wp-content\/uploads\/yuga-logo-black-250.png","contentUrl":"https:\/\/yuga.at\/wp-content\/uploads\/yuga-logo-black-250.png","width":250,"height":143,"caption":"YUga.at"},"image":{"@id":"https:\/\/yuga.at\/#\/schema\/logo\/image\/"},"sameAs":["https:\/\/www.facebook.com\/yuga.austria","https:\/\/www.instagram.com\/yuga.at\/"]}]}},"taxonomy_info":{"mec_category":[{"value":367,"label":"Koncerti"},{"value":628,"label":"Kultura"}]},"featured_image_src_large":["https:\/\/yuga.at\/wp-content\/uploads\/marko-lusi-hum-koncert.gif",798,449,false],"author_info":{"display_name":"Srdjan","author_link":"https:\/\/yuga.at\/de\/author\/srdjan\/"},"comment_info":0,"_links":{"self":[{"href":"https:\/\/yuga.at\/de\/wp-json\/wp\/v2\/mec-events\/11326","targetHints":{"allow":["GET"]}}],"collection":[{"href":"https:\/\/yuga.at\/de\/wp-json\/wp\/v2\/mec-events"}],"about":[{"href":"https:\/\/yuga.at\/de\/wp-json\/wp\/v2\/types\/mec-events"}],"author":[{"embeddable":true,"href":"https:\/\/yuga.at\/de\/wp-json\/wp\/v2\/users\/3"}],"replies":[{"embeddable":true,"href":"https:\/\/yuga.at\/de\/wp-json\/wp\/v2\/comments?post=11326"}],"wp:featuredmedia":[{"embeddable":true,"href":"https:\/\/yuga.at\/de\/wp-json\/wp\/v2\/media\/17631"}],"wp:attachment":[{"href":"https:\/\/yuga.at\/de\/wp-json\/wp\/v2\/media?parent=11326"}],"wp:term":[{"taxonomy":"post_tag","embeddable":true,"href":"https:\/\/yuga.at\/de\/wp-json\/wp\/v2\/tags?post=11326"},{"taxonomy":"mec_category","embeddable":true,"href":"https:\/\/yuga.at\/de\/wp-json\/wp\/v2\/mec_category?post=11326"}],"curies":[{"name":"wp","href":"https:\/\/api.w.org\/{rel}","templated":true}]}}

<p class="has-text-align-left">Albert Hall<br>Albertgasse 35, 1070 Wien<br><br><mark style="background-color:rgba(0, 0, 0, 0)" class="has-inline-color has-vivid-red-color">Sreda, 01.10.2025. od 18:00h</mark></p>



<p>U sklopu obeležavanja 30 godina rada i postojanja Srpskog centra, 01.10. sa početkom u 18.00 u Albert Hall-u održaće se humanitarni koncert za decu: „Ja se zovem slon“. Ulaz je od 17.00 časova.</p>



<p>Sav prihod od prodatih karata biće namenjen lečenju dece obolele od raka u St. Anna Kinderspital u Beču.</p>



<p>Marko Louis nam predstavlja svoj prvi dečji album „Ja se zovem slon“ namenjen najmlađima – i svima koji veruju u snagu koju muzika donosi.</p>



<p>Ovaj koncert je muzičko putovanje kroz porodične vrednosti, iskrenost i kreativnost.</p>



<div class="wp-block-buttons is-layout-flex wp-block-buttons-is-layout-flex">
<div class="wp-block-button"><a class="wp-block-button__link wp-element-button" href="https://events.eventjet.at/e/humanitarni-koncert-marka-louis-a-za-decu/" target="_blank" rel="noreferrer noopener">online ulaznice</a></div>
</div>

<p>Albert HallAlbertgasse 35, 1070 Wien Sreda, 01.10.2025. od 18:00h U sklopu obeležavanja 30 godina rada i postojanja Srpskog centra, 01.10. sa početkom u 18.00&#8230;</p>

<!-- This site is optimized with the Yoast SEO plugin v27.3 - https://yoast.com/product/yoast-seo-wordpress/ -->
<title>Humanitarni koncert Marka Louis-a za decu - YUga.at</title>
<meta name="robots" content="index, follow, max-snippet:-1, max-image-preview:large, max-video-preview:-1" />
<link rel="canonical" href="https://yuga.at/de/dogadjaji/humanitarni-koncert-marka-louis-a-za-decu/" />
<meta property="og:locale" content="de_DE" />
<meta property="og:type" content="article" />
<meta property="og:title" content="Humanitarni koncert Marka Louis-a za decu - YUga.at" />
<meta property="og:description" content="Albert HallAlbertgasse 35, 1070 Wien Sreda, 01.10.2025. od 18:00h U sklopu obeležavanja 30 godina rada i postojanja Srpskog centra, 01.10. sa početkom u 18.00..." />
<meta property="og:url" content="https://yuga.at/de/dogadjaji/humanitarni-koncert-marka-louis-a-za-decu/" />
<meta property="og:site_name" content="YUga.at" />
<meta property="article:publisher" content="https://www.facebook.com/yuga.austria" />
<meta property="article:modified_time" content="2025-11-29T06:50:31+00:00" />
<meta property="og:image" content="https://yuga.at/wp-content/uploads/marko-lusi-hum-koncert.gif" />
	<meta property="og:image:width" content="1024" />
	<meta property="og:image:height" content="576" />
	<meta property="og:image:type" content="image/gif" />
<meta name="twitter:card" content="summary_large_image" />
<meta name="twitter:label1" content="Geschätzte Lesezeit" />
	<meta name="twitter:data1" content="1 Minute" />
<script type="application/ld+json" class="yoast-schema-graph">{"@context":"https:\/\/schema.org","@graph":[{"@type":"WebPage","@id":"https:\/\/yuga.at\/dogadjaji\/humanitarni-koncert-marka-louis-a-za-decu\/","url":"https:\/\/yuga.at\/dogadjaji\/humanitarni-koncert-marka-louis-a-za-decu\/","name":"Humanitarni koncert Marka Louis-a za decu - YUga.at","isPartOf":{"@id":"https:\/\/yuga.at\/#website"},"primaryImageOfPage":{"@id":"https:\/\/yuga.at\/dogadjaji\/humanitarni-koncert-marka-louis-a-za-decu\/#primaryimage"},"image":{"@id":"https:\/\/yuga.at\/dogadjaji\/humanitarni-koncert-marka-louis-a-za-decu\/#primaryimage"},"thumbnailUrl":"https:\/\/yuga.at\/wp-content\/uploads\/marko-lusi-hum-koncert.gif","datePublished":"2025-09-14T08:39:39+00:00","dateModified":"2025-11-29T06:50:31+00:00","breadcrumb":{"@id":"https:\/\/yuga.at\/dogadjaji\/humanitarni-koncert-marka-louis-a-za-decu\/#breadcrumb"},"inLanguage":"de","potentialAction":[{"@type":"ReadAction","target":["https:\/\/yuga.at\/dogadjaji\/humanitarni-koncert-marka-louis-a-za-decu\/"]}]},{"@type":"ImageObject","inLanguage":"de","@id":"https:\/\/yuga.at\/dogadjaji\/humanitarni-koncert-marka-louis-a-za-decu\/#primaryimage","url":"https:\/\/yuga.at\/wp-content\/uploads\/marko-lusi-hum-koncert.gif","contentUrl":"https:\/\/yuga.at\/wp-content\/uploads\/marko-lusi-hum-koncert.gif","width":1024,"height":576},{"@type":"BreadcrumbList","@id":"https:\/\/yuga.at\/dogadjaji\/humanitarni-koncert-marka-louis-a-za-decu\/#breadcrumb","itemListElement":[{"@type":"ListItem","position":1,"name":"Home","item":"https:\/\/yuga.at\/"},{"@type":"ListItem","position":2,"name":"Humanitarni koncert Marka Louis-a za decu"}]},{"@type":"WebSite","@id":"https:\/\/yuga.at\/#website","url":"https:\/\/yuga.at\/","name":"YUga.at","description":"exYU Portal","publisher":{"@id":"https:\/\/yuga.at\/#organization"},"potentialAction":[{"@type":"SearchAction","target":{"@type":"EntryPoint","urlTemplate":"https:\/\/yuga.at\/?s={search_term_string}"},"query-input":{"@type":"PropertyValueSpecification","valueRequired":true,"valueName":"search_term_string"}}],"inLanguage":"de"},{"@type":"Organization","@id":"https:\/\/yuga.at\/#organization","name":"YUga.at","url":"https:\/\/yuga.at\/","logo":{"@type":"ImageObject","inLanguage":"de","@id":"https:\/\/yuga.at\/#\/schema\/logo\/image\/","url":"https:\/\/yuga.at\/wp-content\/uploads\/yuga-logo-black-250.png","contentUrl":"https:\/\/yuga.at\/wp-content\/uploads\/yuga-logo-black-250.png","width":250,"height":143,"caption":"YUga.at"},"image":{"@id":"https:\/\/yuga.at\/#\/schema\/logo\/image\/"},"sameAs":["https:\/\/www.facebook.com\/yuga.austria","https:\/\/www.instagram.com\/yuga.at\/"]}]}</script>
<!-- / Yoast SEO plugin. -->

Albert HallAlbertgasse 35, 1070 Wien Sreda, 01.10.2025. od 18:00h U sklopu obeležavanja 30 godina rada i postojanja Srpskog centra, 01.10. sa početkom u 18.00...
