{"id":12323,"date":"2025-10-08T08:46:19","date_gmt":"2025-10-08T06:46:19","guid":{"rendered":"https:\/\/yuga.at\/?post_type=mec-events&#038;p=12323"},"modified":"2025-10-08T08:46:20","modified_gmt":"2025-10-08T06:46:20","slug":"koncert-amire-medunjanin","status":"publish","type":"mec-events","link":"https:\/\/yuga.at\/de\/dogadjaji\/koncert-amire-medunjanin\/","title":{"rendered":"Koncert Amire Medunjanin"},"content":{"rendered":"<p class=\"has-text-align-left\">VHS Floridsdorf\u00a0<br>Angerer Stra\u00dfe 14, 1210 Wien\u00a0<br><br><mark style=\"background-color:rgba(0, 0, 0, 0)\" class=\"has-inline-color has-vivid-red-color\">Subota, 15.11.2025. od 20:00. <\/mark><\/p>\n\n\n\n<p>Amiru \u0107e pratiti njen sastav koji \u010dine Antonio Vrbi\u010dki (harmonika), Mario Ra\u0161i\u0107 (bas gitara) i Leopold Sta\u0161i\u0107 (violina). Amira nije samo peva\u010dica ve\u0107 je i \u010duvar duhovnog nasle\u0111a. Kroz sevdah, tradicionalne pesme sa Balkana i vlastite interpretacije, ona pesmom gradi mostove izme\u0111u pro\u0161log i sada\u0161njeg, intimnog i univerzalnog. Svaki njen koncert vi\u0161e je od muzi\u010dkog doga\u0111aja to je susret, razgovor, komedija, putovanje kroz vreme i prostor.<\/p>\n\n\n\n<div class=\"wp-block-buttons is-layout-flex wp-block-buttons-is-layout-flex\">\n<div class=\"wp-block-button\"><a class=\"wp-block-button__link wp-element-button\" href=\"https:\/\/ulaznice.at\/event\/amira-medunjanin-wien-2025-11-15?lang=de\" target=\"_blank\" rel=\"noreferrer noopener\">online ulaznice<\/a><\/div>\n<\/div>\n\n\n\n<p><\/p>","protected":false},"excerpt":{"rendered":"<p>VHS Floridsdorf\u00a0Angerer Stra\u00dfe 14, 1210 Wien\u00a0 Subota, 15.11.2025. od 20:00. Amiru \u0107e pratiti njen sastav koji \u010dine Antonio Vrbi\u010dki (harmonika), Mario Ra\u0161i\u0107 (bas gitara)&#8230;<\/p>","protected":false},"author":3,"featured_media":17807,"comment_status":"closed","ping_status":"closed","template":"","tags":[],"mec_category":[367],"class_list":["post-12323","mec-events","type-mec-events","status-publish","has-post-thumbnail","hentry","mec_category-koncerti","entry"],"acf":[],"yoast_head":"<!-- This site is optimized with the Yoast SEO plugin v27.3 - https:\/\/yoast.com\/product\/yoast-seo-wordpress\/ -->\n<title>Koncert Amire Medunjanin - YUga.at<\/title>\n<meta name=\"robots\" content=\"index, follow, max-snippet:-1, max-image-preview:large, max-video-preview:-1\" \/>\n<link rel=\"canonical\" href=\"https:\/\/yuga.at\/de\/dogadjaji\/koncert-amire-medunjanin\/\" \/>\n<meta property=\"og:locale\" content=\"de_DE\" \/>\n<meta property=\"og:type\" content=\"article\" \/>\n<meta property=\"og:title\" content=\"Koncert Amire Medunjanin - YUga.at\" \/>\n<meta property=\"og:description\" content=\"VHS Floridsdorf\u00a0Angerer Stra\u00dfe 14, 1210 Wien\u00a0 Subota, 15.11.2025. od 20:00. Amiru \u0107e pratiti njen sastav koji \u010dine Antonio Vrbi\u010dki (harmonika), Mario Ra\u0161i\u0107 (bas gitara)...\" \/>\n<meta property=\"og:url\" content=\"https:\/\/yuga.at\/de\/dogadjaji\/koncert-amire-medunjanin\/\" \/>\n<meta property=\"og:site_name\" content=\"YUga.at\" \/>\n<meta property=\"article:publisher\" content=\"https:\/\/www.facebook.com\/yuga.austria\" \/>\n<meta property=\"article:modified_time\" content=\"2025-10-08T06:46:20+00:00\" \/>\n<meta property=\"og:image\" content=\"https:\/\/yuga.at\/wp-content\/uploads\/amira-med.webp\" \/>\n\t<meta property=\"og:image:width\" content=\"1920\" \/>\n\t<meta property=\"og:image:height\" content=\"1040\" \/>\n\t<meta property=\"og:image:type\" content=\"image\/webp\" \/>\n<meta name=\"twitter:card\" content=\"summary_large_image\" \/>\n<meta name=\"twitter:label1\" content=\"Gesch\u00e4tzte Lesezeit\" \/>\n\t<meta name=\"twitter:data1\" content=\"1\u00a0Minute\" \/>\n<script type=\"application\/ld+json\" class=\"yoast-schema-graph\">{\"@context\":\"https:\\\/\\\/schema.org\",\"@graph\":[{\"@type\":\"WebPage\",\"@id\":\"https:\\\/\\\/yuga.at\\\/dogadjaji\\\/koncert-amire-medunjanin\\\/\",\"url\":\"https:\\\/\\\/yuga.at\\\/dogadjaji\\\/koncert-amire-medunjanin\\\/\",\"name\":\"Koncert Amire Medunjanin - YUga.at\",\"isPartOf\":{\"@id\":\"https:\\\/\\\/yuga.at\\\/#website\"},\"primaryImageOfPage\":{\"@id\":\"https:\\\/\\\/yuga.at\\\/dogadjaji\\\/koncert-amire-medunjanin\\\/#primaryimage\"},\"image\":{\"@id\":\"https:\\\/\\\/yuga.at\\\/dogadjaji\\\/koncert-amire-medunjanin\\\/#primaryimage\"},\"thumbnailUrl\":\"https:\\\/\\\/yuga.at\\\/wp-content\\\/uploads\\\/amira-med.webp\",\"datePublished\":\"2025-10-08T06:46:19+00:00\",\"dateModified\":\"2025-10-08T06:46:20+00:00\",\"breadcrumb\":{\"@id\":\"https:\\\/\\\/yuga.at\\\/dogadjaji\\\/koncert-amire-medunjanin\\\/#breadcrumb\"},\"inLanguage\":\"de\",\"potentialAction\":[{\"@type\":\"ReadAction\",\"target\":[\"https:\\\/\\\/yuga.at\\\/dogadjaji\\\/koncert-amire-medunjanin\\\/\"]}]},{\"@type\":\"ImageObject\",\"inLanguage\":\"de\",\"@id\":\"https:\\\/\\\/yuga.at\\\/dogadjaji\\\/koncert-amire-medunjanin\\\/#primaryimage\",\"url\":\"https:\\\/\\\/yuga.at\\\/wp-content\\\/uploads\\\/amira-med.webp\",\"contentUrl\":\"https:\\\/\\\/yuga.at\\\/wp-content\\\/uploads\\\/amira-med.webp\",\"width\":1920,\"height\":1040},{\"@type\":\"BreadcrumbList\",\"@id\":\"https:\\\/\\\/yuga.at\\\/dogadjaji\\\/koncert-amire-medunjanin\\\/#breadcrumb\",\"itemListElement\":[{\"@type\":\"ListItem\",\"position\":1,\"name\":\"Home\",\"item\":\"https:\\\/\\\/yuga.at\\\/\"},{\"@type\":\"ListItem\",\"position\":2,\"name\":\"Koncert Amire Medunjanin\"}]},{\"@type\":\"WebSite\",\"@id\":\"https:\\\/\\\/yuga.at\\\/#website\",\"url\":\"https:\\\/\\\/yuga.at\\\/\",\"name\":\"YUga.at\",\"description\":\"exYU Portal\",\"publisher\":{\"@id\":\"https:\\\/\\\/yuga.at\\\/#organization\"},\"potentialAction\":[{\"@type\":\"SearchAction\",\"target\":{\"@type\":\"EntryPoint\",\"urlTemplate\":\"https:\\\/\\\/yuga.at\\\/?s={search_term_string}\"},\"query-input\":{\"@type\":\"PropertyValueSpecification\",\"valueRequired\":true,\"valueName\":\"search_term_string\"}}],\"inLanguage\":\"de\"},{\"@type\":\"Organization\",\"@id\":\"https:\\\/\\\/yuga.at\\\/#organization\",\"name\":\"YUga.at\",\"url\":\"https:\\\/\\\/yuga.at\\\/\",\"logo\":{\"@type\":\"ImageObject\",\"inLanguage\":\"de\",\"@id\":\"https:\\\/\\\/yuga.at\\\/#\\\/schema\\\/logo\\\/image\\\/\",\"url\":\"https:\\\/\\\/yuga.at\\\/wp-content\\\/uploads\\\/yuga-logo-black-250.png\",\"contentUrl\":\"https:\\\/\\\/yuga.at\\\/wp-content\\\/uploads\\\/yuga-logo-black-250.png\",\"width\":250,\"height\":143,\"caption\":\"YUga.at\"},\"image\":{\"@id\":\"https:\\\/\\\/yuga.at\\\/#\\\/schema\\\/logo\\\/image\\\/\"},\"sameAs\":[\"https:\\\/\\\/www.facebook.com\\\/yuga.austria\",\"https:\\\/\\\/www.instagram.com\\\/yuga.at\\\/\"]}]}<\/script>\n<!-- \/ Yoast SEO plugin. -->","yoast_head_json":{"title":"Koncert Amire Medunjanin - YUga.at","robots":{"index":"index","follow":"follow","max-snippet":"max-snippet:-1","max-image-preview":"max-image-preview:large","max-video-preview":"max-video-preview:-1"},"canonical":"https:\/\/yuga.at\/de\/dogadjaji\/koncert-amire-medunjanin\/","og_locale":"de_DE","og_type":"article","og_title":"Koncert Amire Medunjanin - YUga.at","og_description":"VHS Floridsdorf\u00a0Angerer Stra\u00dfe 14, 1210 Wien\u00a0 Subota, 15.11.2025. od 20:00. Amiru \u0107e pratiti njen sastav koji \u010dine Antonio Vrbi\u010dki (harmonika), Mario Ra\u0161i\u0107 (bas gitara)...","og_url":"https:\/\/yuga.at\/de\/dogadjaji\/koncert-amire-medunjanin\/","og_site_name":"YUga.at","article_publisher":"https:\/\/www.facebook.com\/yuga.austria","article_modified_time":"2025-10-08T06:46:20+00:00","og_image":[{"width":1920,"height":1040,"url":"https:\/\/yuga.at\/wp-content\/uploads\/amira-med.webp","type":"image\/webp"}],"twitter_card":"summary_large_image","twitter_misc":{"Gesch\u00e4tzte Lesezeit":"1\u00a0Minute"},"schema":{"@context":"https:\/\/schema.org","@graph":[{"@type":"WebPage","@id":"https:\/\/yuga.at\/dogadjaji\/koncert-amire-medunjanin\/","url":"https:\/\/yuga.at\/dogadjaji\/koncert-amire-medunjanin\/","name":"Koncert Amire Medunjanin - YUga.at","isPartOf":{"@id":"https:\/\/yuga.at\/#website"},"primaryImageOfPage":{"@id":"https:\/\/yuga.at\/dogadjaji\/koncert-amire-medunjanin\/#primaryimage"},"image":{"@id":"https:\/\/yuga.at\/dogadjaji\/koncert-amire-medunjanin\/#primaryimage"},"thumbnailUrl":"https:\/\/yuga.at\/wp-content\/uploads\/amira-med.webp","datePublished":"2025-10-08T06:46:19+00:00","dateModified":"2025-10-08T06:46:20+00:00","breadcrumb":{"@id":"https:\/\/yuga.at\/dogadjaji\/koncert-amire-medunjanin\/#breadcrumb"},"inLanguage":"de","potentialAction":[{"@type":"ReadAction","target":["https:\/\/yuga.at\/dogadjaji\/koncert-amire-medunjanin\/"]}]},{"@type":"ImageObject","inLanguage":"de","@id":"https:\/\/yuga.at\/dogadjaji\/koncert-amire-medunjanin\/#primaryimage","url":"https:\/\/yuga.at\/wp-content\/uploads\/amira-med.webp","contentUrl":"https:\/\/yuga.at\/wp-content\/uploads\/amira-med.webp","width":1920,"height":1040},{"@type":"BreadcrumbList","@id":"https:\/\/yuga.at\/dogadjaji\/koncert-amire-medunjanin\/#breadcrumb","itemListElement":[{"@type":"ListItem","position":1,"name":"Home","item":"https:\/\/yuga.at\/"},{"@type":"ListItem","position":2,"name":"Koncert Amire Medunjanin"}]},{"@type":"WebSite","@id":"https:\/\/yuga.at\/#website","url":"https:\/\/yuga.at\/","name":"YUga.at","description":"exYU Portal","publisher":{"@id":"https:\/\/yuga.at\/#organization"},"potentialAction":[{"@type":"SearchAction","target":{"@type":"EntryPoint","urlTemplate":"https:\/\/yuga.at\/?s={search_term_string}"},"query-input":{"@type":"PropertyValueSpecification","valueRequired":true,"valueName":"search_term_string"}}],"inLanguage":"de"},{"@type":"Organization","@id":"https:\/\/yuga.at\/#organization","name":"YUga.at","url":"https:\/\/yuga.at\/","logo":{"@type":"ImageObject","inLanguage":"de","@id":"https:\/\/yuga.at\/#\/schema\/logo\/image\/","url":"https:\/\/yuga.at\/wp-content\/uploads\/yuga-logo-black-250.png","contentUrl":"https:\/\/yuga.at\/wp-content\/uploads\/yuga-logo-black-250.png","width":250,"height":143,"caption":"YUga.at"},"image":{"@id":"https:\/\/yuga.at\/#\/schema\/logo\/image\/"},"sameAs":["https:\/\/www.facebook.com\/yuga.austria","https:\/\/www.instagram.com\/yuga.at\/"]}]}},"taxonomy_info":{"mec_category":[{"value":367,"label":"Koncerti"}]},"featured_image_src_large":["https:\/\/yuga.at\/wp-content\/uploads\/amira-med-1404x761.webp",798,433,true],"author_info":{"display_name":"Srdjan","author_link":"https:\/\/yuga.at\/de\/author\/srdjan\/"},"comment_info":0,"_links":{"self":[{"href":"https:\/\/yuga.at\/de\/wp-json\/wp\/v2\/mec-events\/12323","targetHints":{"allow":["GET"]}}],"collection":[{"href":"https:\/\/yuga.at\/de\/wp-json\/wp\/v2\/mec-events"}],"about":[{"href":"https:\/\/yuga.at\/de\/wp-json\/wp\/v2\/types\/mec-events"}],"author":[{"embeddable":true,"href":"https:\/\/yuga.at\/de\/wp-json\/wp\/v2\/users\/3"}],"replies":[{"embeddable":true,"href":"https:\/\/yuga.at\/de\/wp-json\/wp\/v2\/comments?post=12323"}],"wp:featuredmedia":[{"embeddable":true,"href":"https:\/\/yuga.at\/de\/wp-json\/wp\/v2\/media\/17807"}],"wp:attachment":[{"href":"https:\/\/yuga.at\/de\/wp-json\/wp\/v2\/media?parent=12323"}],"wp:term":[{"taxonomy":"post_tag","embeddable":true,"href":"https:\/\/yuga.at\/de\/wp-json\/wp\/v2\/tags?post=12323"},{"taxonomy":"mec_category","embeddable":true,"href":"https:\/\/yuga.at\/de\/wp-json\/wp\/v2\/mec_category?post=12323"}],"curies":[{"name":"wp","href":"https:\/\/api.w.org\/{rel}","templated":true}]}}

<p class="has-text-align-left">VHS Floridsdorf <br>Angerer Straße 14, 1210 Wien <br><br><mark style="background-color:rgba(0, 0, 0, 0)" class="has-inline-color has-vivid-red-color">Subota, 15.11.2025. od 20:00. </mark></p>



<p>Amiru će pratiti njen sastav koji čine Antonio Vrbički (harmonika), Mario Rašić (bas gitara) i Leopold Stašić (violina). Amira nije samo pevačica već je i čuvar duhovnog nasleđa. Kroz sevdah, tradicionalne pesme sa Balkana i vlastite interpretacije, ona pesmom gradi mostove između prošlog i sadašnjeg, intimnog i univerzalnog. Svaki njen koncert više je od muzičkog događaja to je susret, razgovor, komedija, putovanje kroz vreme i prostor.</p>



<div class="wp-block-buttons is-layout-flex wp-block-buttons-is-layout-flex">
<div class="wp-block-button"><a class="wp-block-button__link wp-element-button" href="https://ulaznice.at/event/amira-medunjanin-wien-2025-11-15?lang=de" target="_blank" rel="noreferrer noopener">online ulaznice</a></div>
</div>



<p></p>

<p>VHS Floridsdorf Angerer Straße 14, 1210 Wien  Subota, 15.11.2025. od 20:00. Amiru će pratiti njen sastav koji čine Antonio Vrbički (harmonika), Mario Rašić (bas gitara)&#8230;</p>

<!-- This site is optimized with the Yoast SEO plugin v27.3 - https://yoast.com/product/yoast-seo-wordpress/ -->
<title>Koncert Amire Medunjanin - YUga.at</title>
<meta name="robots" content="index, follow, max-snippet:-1, max-image-preview:large, max-video-preview:-1" />
<link rel="canonical" href="https://yuga.at/de/dogadjaji/koncert-amire-medunjanin/" />
<meta property="og:locale" content="de_DE" />
<meta property="og:type" content="article" />
<meta property="og:title" content="Koncert Amire Medunjanin - YUga.at" />
<meta property="og:description" content="VHS Floridsdorf Angerer Straße 14, 1210 Wien  Subota, 15.11.2025. od 20:00. Amiru će pratiti njen sastav koji čine Antonio Vrbički (harmonika), Mario Rašić (bas gitara)..." />
<meta property="og:url" content="https://yuga.at/de/dogadjaji/koncert-amire-medunjanin/" />
<meta property="og:site_name" content="YUga.at" />
<meta property="article:publisher" content="https://www.facebook.com/yuga.austria" />
<meta property="article:modified_time" content="2025-10-08T06:46:20+00:00" />
<meta property="og:image" content="https://yuga.at/wp-content/uploads/amira-med.webp" />
	<meta property="og:image:width" content="1920" />
	<meta property="og:image:height" content="1040" />
	<meta property="og:image:type" content="image/webp" />
<meta name="twitter:card" content="summary_large_image" />
<meta name="twitter:label1" content="Geschätzte Lesezeit" />
	<meta name="twitter:data1" content="1 Minute" />
<script type="application/ld+json" class="yoast-schema-graph">{"@context":"https:\/\/schema.org","@graph":[{"@type":"WebPage","@id":"https:\/\/yuga.at\/dogadjaji\/koncert-amire-medunjanin\/","url":"https:\/\/yuga.at\/dogadjaji\/koncert-amire-medunjanin\/","name":"Koncert Amire Medunjanin - YUga.at","isPartOf":{"@id":"https:\/\/yuga.at\/#website"},"primaryImageOfPage":{"@id":"https:\/\/yuga.at\/dogadjaji\/koncert-amire-medunjanin\/#primaryimage"},"image":{"@id":"https:\/\/yuga.at\/dogadjaji\/koncert-amire-medunjanin\/#primaryimage"},"thumbnailUrl":"https:\/\/yuga.at\/wp-content\/uploads\/amira-med.webp","datePublished":"2025-10-08T06:46:19+00:00","dateModified":"2025-10-08T06:46:20+00:00","breadcrumb":{"@id":"https:\/\/yuga.at\/dogadjaji\/koncert-amire-medunjanin\/#breadcrumb"},"inLanguage":"de","potentialAction":[{"@type":"ReadAction","target":["https:\/\/yuga.at\/dogadjaji\/koncert-amire-medunjanin\/"]}]},{"@type":"ImageObject","inLanguage":"de","@id":"https:\/\/yuga.at\/dogadjaji\/koncert-amire-medunjanin\/#primaryimage","url":"https:\/\/yuga.at\/wp-content\/uploads\/amira-med.webp","contentUrl":"https:\/\/yuga.at\/wp-content\/uploads\/amira-med.webp","width":1920,"height":1040},{"@type":"BreadcrumbList","@id":"https:\/\/yuga.at\/dogadjaji\/koncert-amire-medunjanin\/#breadcrumb","itemListElement":[{"@type":"ListItem","position":1,"name":"Home","item":"https:\/\/yuga.at\/"},{"@type":"ListItem","position":2,"name":"Koncert Amire Medunjanin"}]},{"@type":"WebSite","@id":"https:\/\/yuga.at\/#website","url":"https:\/\/yuga.at\/","name":"YUga.at","description":"exYU Portal","publisher":{"@id":"https:\/\/yuga.at\/#organization"},"potentialAction":[{"@type":"SearchAction","target":{"@type":"EntryPoint","urlTemplate":"https:\/\/yuga.at\/?s={search_term_string}"},"query-input":{"@type":"PropertyValueSpecification","valueRequired":true,"valueName":"search_term_string"}}],"inLanguage":"de"},{"@type":"Organization","@id":"https:\/\/yuga.at\/#organization","name":"YUga.at","url":"https:\/\/yuga.at\/","logo":{"@type":"ImageObject","inLanguage":"de","@id":"https:\/\/yuga.at\/#\/schema\/logo\/image\/","url":"https:\/\/yuga.at\/wp-content\/uploads\/yuga-logo-black-250.png","contentUrl":"https:\/\/yuga.at\/wp-content\/uploads\/yuga-logo-black-250.png","width":250,"height":143,"caption":"YUga.at"},"image":{"@id":"https:\/\/yuga.at\/#\/schema\/logo\/image\/"},"sameAs":["https:\/\/www.facebook.com\/yuga.austria","https:\/\/www.instagram.com\/yuga.at\/"]}]}</script>
<!-- / Yoast SEO plugin. -->

VHS Floridsdorf Angerer Straße 14, 1210 Wien  Subota, 15.11.2025. od 20:00. Amiru će pratiti njen sastav koji čine Antonio Vrbički (harmonika), Mario Rašić (bas gitara)...
