{"id":8839,"date":"2023-08-29T08:24:03","date_gmt":"2023-08-29T06:24:03","guid":{"rendered":"https:\/\/yuga.at\/?post_type=mec-events&#038;p=8839"},"modified":"2023-08-29T08:24:04","modified_gmt":"2023-08-29T06:24:04","slug":"adria-film-fest","status":"publish","type":"mec-events","link":"https:\/\/yuga.at\/de\/dogadjaji\/adria-film-fest\/","title":{"rendered":"Adria Film Fest"},"content":{"rendered":"<p>3. festival doma\u0107eg filma &#8220;Adria Film Fest&#8221; u Be\u010du, <mark style=\"background-color:rgba(0, 0, 0, 0)\" class=\"has-inline-color has-vivid-red-color\">od 7. do 10. septembra 2023<\/mark>., u organizaciji filmske distributerske ku\u0107e Adria Film i udru\u017eenja Kultur Kombinat.<br><br>Festival se sastoji od tri programske celine: Glavni program, dokumentarni program i reprizni program najboljih srpskih filmova koji su prikazani austrijskoj publici 2022. i 2023. godine. Program festivala se odr\u017eava u bioskopima Urania i Cineplexx Millennium City.<\/p>\n\n\n<div class=\"copyright-image-large\" style=\"position: relative\">\n<figure class=\"wp-block-image size-full\"><img loading=\"lazy\" decoding=\"async\" width=\"764\" height=\"633\" src=\"https:\/\/yuga.at\/wp-content\/uploads\/adria-film-fest-program.jpg\" alt=\"\" class=\"wp-image-13553\" srcset=\"https:\/\/yuga.at\/wp-content\/uploads\/adria-film-fest-program.jpg 764w, https:\/\/yuga.at\/wp-content\/uploads\/adria-film-fest-program-50x41.jpg 50w\" sizes=\"auto, (max-width: 764px) 100vw, 764px\" \/><\/figure>\n<div class=\"featured-image-copyright\"><\/div><\/div>\n\n\n<div class=\"wp-block-buttons is-layout-flex wp-block-buttons-is-layout-flex\">\n<div class=\"wp-block-button\"><a class=\"wp-block-button__link wp-element-button\" href=\"https:\/\/adriafilmfest.com\/\" target=\"_blank\" rel=\"noreferrer noopener\">Zur veranstaltung<\/a><\/div>\n<\/div>","protected":false},"excerpt":{"rendered":"<p>3. festival doma\u0107eg filma &#8220;Adria Film Fest&#8221; u Be\u010du, od 7. do 10. septembra 2023., u organizaciji filmske distributerske ku\u0107e Adria Film i udru\u017eenja&#8230;<\/p>","protected":false},"author":3,"featured_media":13554,"comment_status":"closed","ping_status":"closed","template":"","tags":[],"mec_category":[433],"class_list":["post-8839","mec-events","type-mec-events","status-publish","has-post-thumbnail","hentry","mec_category-film","entry"],"acf":[],"yoast_head":"<!-- This site is optimized with the Yoast SEO plugin v27.3 - https:\/\/yoast.com\/product\/yoast-seo-wordpress\/ -->\n<title>Adria Film Fest - YUga.at<\/title>\n<meta name=\"robots\" content=\"index, follow, max-snippet:-1, max-image-preview:large, max-video-preview:-1\" \/>\n<link rel=\"canonical\" href=\"https:\/\/yuga.at\/de\/dogadjaji\/adria-film-fest\/\" \/>\n<meta property=\"og:locale\" content=\"de_DE\" \/>\n<meta property=\"og:type\" content=\"article\" \/>\n<meta property=\"og:title\" content=\"Adria Film Fest - YUga.at\" \/>\n<meta property=\"og:description\" content=\"3. festival doma\u0107eg filma &#8220;Adria Film Fest&#8221; u Be\u010du, od 7. do 10. septembra 2023., u organizaciji filmske distributerske ku\u0107e Adria Film i udru\u017eenja...\" \/>\n<meta property=\"og:url\" content=\"https:\/\/yuga.at\/de\/dogadjaji\/adria-film-fest\/\" \/>\n<meta property=\"og:site_name\" content=\"YUga.at\" \/>\n<meta property=\"article:publisher\" content=\"https:\/\/www.facebook.com\/yuga.austria\" \/>\n<meta property=\"article:modified_time\" content=\"2023-08-29T06:24:04+00:00\" \/>\n<meta property=\"og:image\" content=\"https:\/\/yuga.at\/wp-content\/uploads\/adria-film-fest.jpg\" \/>\n\t<meta property=\"og:image:width\" content=\"668\" \/>\n\t<meta property=\"og:image:height\" content=\"528\" \/>\n\t<meta property=\"og:image:type\" content=\"image\/jpeg\" \/>\n<meta name=\"twitter:card\" content=\"summary_large_image\" \/>\n<meta name=\"twitter:label1\" content=\"Gesch\u00e4tzte Lesezeit\" \/>\n\t<meta name=\"twitter:data1\" content=\"1\u00a0Minute\" \/>\n<script type=\"application\/ld+json\" class=\"yoast-schema-graph\">{\"@context\":\"https:\\\/\\\/schema.org\",\"@graph\":[{\"@type\":\"WebPage\",\"@id\":\"https:\\\/\\\/yuga.at\\\/dogadjaji\\\/adria-film-fest\\\/\",\"url\":\"https:\\\/\\\/yuga.at\\\/dogadjaji\\\/adria-film-fest\\\/\",\"name\":\"Adria Film Fest - YUga.at\",\"isPartOf\":{\"@id\":\"https:\\\/\\\/yuga.at\\\/#website\"},\"primaryImageOfPage\":{\"@id\":\"https:\\\/\\\/yuga.at\\\/dogadjaji\\\/adria-film-fest\\\/#primaryimage\"},\"image\":{\"@id\":\"https:\\\/\\\/yuga.at\\\/dogadjaji\\\/adria-film-fest\\\/#primaryimage\"},\"thumbnailUrl\":\"https:\\\/\\\/yuga.at\\\/wp-content\\\/uploads\\\/adria-film-fest.jpg\",\"datePublished\":\"2023-08-29T06:24:03+00:00\",\"dateModified\":\"2023-08-29T06:24:04+00:00\",\"breadcrumb\":{\"@id\":\"https:\\\/\\\/yuga.at\\\/dogadjaji\\\/adria-film-fest\\\/#breadcrumb\"},\"inLanguage\":\"de\",\"potentialAction\":[{\"@type\":\"ReadAction\",\"target\":[\"https:\\\/\\\/yuga.at\\\/dogadjaji\\\/adria-film-fest\\\/\"]}]},{\"@type\":\"ImageObject\",\"inLanguage\":\"de\",\"@id\":\"https:\\\/\\\/yuga.at\\\/dogadjaji\\\/adria-film-fest\\\/#primaryimage\",\"url\":\"https:\\\/\\\/yuga.at\\\/wp-content\\\/uploads\\\/adria-film-fest.jpg\",\"contentUrl\":\"https:\\\/\\\/yuga.at\\\/wp-content\\\/uploads\\\/adria-film-fest.jpg\",\"width\":668,\"height\":528},{\"@type\":\"BreadcrumbList\",\"@id\":\"https:\\\/\\\/yuga.at\\\/dogadjaji\\\/adria-film-fest\\\/#breadcrumb\",\"itemListElement\":[{\"@type\":\"ListItem\",\"position\":1,\"name\":\"Home\",\"item\":\"https:\\\/\\\/yuga.at\\\/\"},{\"@type\":\"ListItem\",\"position\":2,\"name\":\"Adria Film Fest\"}]},{\"@type\":\"WebSite\",\"@id\":\"https:\\\/\\\/yuga.at\\\/#website\",\"url\":\"https:\\\/\\\/yuga.at\\\/\",\"name\":\"YUga.at\",\"description\":\"exYU Portal\",\"publisher\":{\"@id\":\"https:\\\/\\\/yuga.at\\\/#organization\"},\"potentialAction\":[{\"@type\":\"SearchAction\",\"target\":{\"@type\":\"EntryPoint\",\"urlTemplate\":\"https:\\\/\\\/yuga.at\\\/?s={search_term_string}\"},\"query-input\":{\"@type\":\"PropertyValueSpecification\",\"valueRequired\":true,\"valueName\":\"search_term_string\"}}],\"inLanguage\":\"de\"},{\"@type\":\"Organization\",\"@id\":\"https:\\\/\\\/yuga.at\\\/#organization\",\"name\":\"YUga.at\",\"url\":\"https:\\\/\\\/yuga.at\\\/\",\"logo\":{\"@type\":\"ImageObject\",\"inLanguage\":\"de\",\"@id\":\"https:\\\/\\\/yuga.at\\\/#\\\/schema\\\/logo\\\/image\\\/\",\"url\":\"https:\\\/\\\/yuga.at\\\/wp-content\\\/uploads\\\/yuga-logo-black-250.png\",\"contentUrl\":\"https:\\\/\\\/yuga.at\\\/wp-content\\\/uploads\\\/yuga-logo-black-250.png\",\"width\":250,\"height\":143,\"caption\":\"YUga.at\"},\"image\":{\"@id\":\"https:\\\/\\\/yuga.at\\\/#\\\/schema\\\/logo\\\/image\\\/\"},\"sameAs\":[\"https:\\\/\\\/www.facebook.com\\\/yuga.austria\",\"https:\\\/\\\/www.instagram.com\\\/yuga.at\\\/\"]}]}<\/script>\n<!-- \/ Yoast SEO plugin. -->","yoast_head_json":{"title":"Adria Film Fest - YUga.at","robots":{"index":"index","follow":"follow","max-snippet":"max-snippet:-1","max-image-preview":"max-image-preview:large","max-video-preview":"max-video-preview:-1"},"canonical":"https:\/\/yuga.at\/de\/dogadjaji\/adria-film-fest\/","og_locale":"de_DE","og_type":"article","og_title":"Adria Film Fest - YUga.at","og_description":"3. festival doma\u0107eg filma &#8220;Adria Film Fest&#8221; u Be\u010du, od 7. do 10. septembra 2023., u organizaciji filmske distributerske ku\u0107e Adria Film i udru\u017eenja...","og_url":"https:\/\/yuga.at\/de\/dogadjaji\/adria-film-fest\/","og_site_name":"YUga.at","article_publisher":"https:\/\/www.facebook.com\/yuga.austria","article_modified_time":"2023-08-29T06:24:04+00:00","og_image":[{"width":668,"height":528,"url":"https:\/\/yuga.at\/wp-content\/uploads\/adria-film-fest.jpg","type":"image\/jpeg"}],"twitter_card":"summary_large_image","twitter_misc":{"Gesch\u00e4tzte Lesezeit":"1\u00a0Minute"},"schema":{"@context":"https:\/\/schema.org","@graph":[{"@type":"WebPage","@id":"https:\/\/yuga.at\/dogadjaji\/adria-film-fest\/","url":"https:\/\/yuga.at\/dogadjaji\/adria-film-fest\/","name":"Adria Film Fest - YUga.at","isPartOf":{"@id":"https:\/\/yuga.at\/#website"},"primaryImageOfPage":{"@id":"https:\/\/yuga.at\/dogadjaji\/adria-film-fest\/#primaryimage"},"image":{"@id":"https:\/\/yuga.at\/dogadjaji\/adria-film-fest\/#primaryimage"},"thumbnailUrl":"https:\/\/yuga.at\/wp-content\/uploads\/adria-film-fest.jpg","datePublished":"2023-08-29T06:24:03+00:00","dateModified":"2023-08-29T06:24:04+00:00","breadcrumb":{"@id":"https:\/\/yuga.at\/dogadjaji\/adria-film-fest\/#breadcrumb"},"inLanguage":"de","potentialAction":[{"@type":"ReadAction","target":["https:\/\/yuga.at\/dogadjaji\/adria-film-fest\/"]}]},{"@type":"ImageObject","inLanguage":"de","@id":"https:\/\/yuga.at\/dogadjaji\/adria-film-fest\/#primaryimage","url":"https:\/\/yuga.at\/wp-content\/uploads\/adria-film-fest.jpg","contentUrl":"https:\/\/yuga.at\/wp-content\/uploads\/adria-film-fest.jpg","width":668,"height":528},{"@type":"BreadcrumbList","@id":"https:\/\/yuga.at\/dogadjaji\/adria-film-fest\/#breadcrumb","itemListElement":[{"@type":"ListItem","position":1,"name":"Home","item":"https:\/\/yuga.at\/"},{"@type":"ListItem","position":2,"name":"Adria Film Fest"}]},{"@type":"WebSite","@id":"https:\/\/yuga.at\/#website","url":"https:\/\/yuga.at\/","name":"YUga.at","description":"exYU Portal","publisher":{"@id":"https:\/\/yuga.at\/#organization"},"potentialAction":[{"@type":"SearchAction","target":{"@type":"EntryPoint","urlTemplate":"https:\/\/yuga.at\/?s={search_term_string}"},"query-input":{"@type":"PropertyValueSpecification","valueRequired":true,"valueName":"search_term_string"}}],"inLanguage":"de"},{"@type":"Organization","@id":"https:\/\/yuga.at\/#organization","name":"YUga.at","url":"https:\/\/yuga.at\/","logo":{"@type":"ImageObject","inLanguage":"de","@id":"https:\/\/yuga.at\/#\/schema\/logo\/image\/","url":"https:\/\/yuga.at\/wp-content\/uploads\/yuga-logo-black-250.png","contentUrl":"https:\/\/yuga.at\/wp-content\/uploads\/yuga-logo-black-250.png","width":250,"height":143,"caption":"YUga.at"},"image":{"@id":"https:\/\/yuga.at\/#\/schema\/logo\/image\/"},"sameAs":["https:\/\/www.facebook.com\/yuga.austria","https:\/\/www.instagram.com\/yuga.at\/"]}]}},"taxonomy_info":{"mec_category":[{"value":433,"label":"Film"}]},"featured_image_src_large":["https:\/\/yuga.at\/wp-content\/uploads\/adria-film-fest.jpg",668,528,false],"author_info":{"display_name":"Srdjan","author_link":"https:\/\/yuga.at\/de\/author\/srdjan\/"},"comment_info":0,"_links":{"self":[{"href":"https:\/\/yuga.at\/de\/wp-json\/wp\/v2\/mec-events\/8839","targetHints":{"allow":["GET"]}}],"collection":[{"href":"https:\/\/yuga.at\/de\/wp-json\/wp\/v2\/mec-events"}],"about":[{"href":"https:\/\/yuga.at\/de\/wp-json\/wp\/v2\/types\/mec-events"}],"author":[{"embeddable":true,"href":"https:\/\/yuga.at\/de\/wp-json\/wp\/v2\/users\/3"}],"replies":[{"embeddable":true,"href":"https:\/\/yuga.at\/de\/wp-json\/wp\/v2\/comments?post=8839"}],"wp:featuredmedia":[{"embeddable":true,"href":"https:\/\/yuga.at\/de\/wp-json\/wp\/v2\/media\/13554"}],"wp:attachment":[{"href":"https:\/\/yuga.at\/de\/wp-json\/wp\/v2\/media?parent=8839"}],"wp:term":[{"taxonomy":"post_tag","embeddable":true,"href":"https:\/\/yuga.at\/de\/wp-json\/wp\/v2\/tags?post=8839"},{"taxonomy":"mec_category","embeddable":true,"href":"https:\/\/yuga.at\/de\/wp-json\/wp\/v2\/mec_category?post=8839"}],"curies":[{"name":"wp","href":"https:\/\/api.w.org\/{rel}","templated":true}]}}

<p>3. festival domaćeg filma &#8220;Adria Film Fest&#8221; u Beču, <mark style="background-color:rgba(0, 0, 0, 0)" class="has-inline-color has-vivid-red-color">od 7. do 10. septembra 2023</mark>., u organizaciji filmske distributerske kuće Adria Film i udruženja Kultur Kombinat.<br><br>Festival se sastoji od tri programske celine: Glavni program, dokumentarni program i reprizni program najboljih srpskih filmova koji su prikazani austrijskoj publici 2022. i 2023. godine. Program festivala se održava u bioskopima Urania i Cineplexx Millennium City.</p>


<div class="copyright-image-large" style="position: relative">
<figure class="wp-block-image size-full"><img loading="lazy" decoding="async" width="764" height="633" src="https://yuga.at/wp-content/uploads/adria-film-fest-program.jpg" alt="" class="wp-image-13553" srcset="https://yuga.at/wp-content/uploads/adria-film-fest-program.jpg 764w, https://yuga.at/wp-content/uploads/adria-film-fest-program-50x41.jpg 50w" sizes="auto, (max-width: 764px) 100vw, 764px" /></figure>
<div class="featured-image-copyright"></div></div>


<div class="wp-block-buttons is-layout-flex wp-block-buttons-is-layout-flex">
<div class="wp-block-button"><a class="wp-block-button__link wp-element-button" href="https://adriafilmfest.com/" target="_blank" rel="noreferrer noopener">Zur veranstaltung</a></div>
</div>

<p>3. festival domaćeg filma &#8220;Adria Film Fest&#8221; u Beču, od 7. do 10. septembra 2023., u organizaciji filmske distributerske kuće Adria Film i udruženja&#8230;</p>

<!-- This site is optimized with the Yoast SEO plugin v27.3 - https://yoast.com/product/yoast-seo-wordpress/ -->
<title>Adria Film Fest - YUga.at</title>
<meta name="robots" content="index, follow, max-snippet:-1, max-image-preview:large, max-video-preview:-1" />
<link rel="canonical" href="https://yuga.at/de/dogadjaji/adria-film-fest/" />
<meta property="og:locale" content="de_DE" />
<meta property="og:type" content="article" />
<meta property="og:title" content="Adria Film Fest - YUga.at" />
<meta property="og:description" content="3. festival domaćeg filma &#8220;Adria Film Fest&#8221; u Beču, od 7. do 10. septembra 2023., u organizaciji filmske distributerske kuće Adria Film i udruženja..." />
<meta property="og:url" content="https://yuga.at/de/dogadjaji/adria-film-fest/" />
<meta property="og:site_name" content="YUga.at" />
<meta property="article:publisher" content="https://www.facebook.com/yuga.austria" />
<meta property="article:modified_time" content="2023-08-29T06:24:04+00:00" />
<meta property="og:image" content="https://yuga.at/wp-content/uploads/adria-film-fest.jpg" />
	<meta property="og:image:width" content="668" />
	<meta property="og:image:height" content="528" />
	<meta property="og:image:type" content="image/jpeg" />
<meta name="twitter:card" content="summary_large_image" />
<meta name="twitter:label1" content="Geschätzte Lesezeit" />
	<meta name="twitter:data1" content="1 Minute" />
<script type="application/ld+json" class="yoast-schema-graph">{"@context":"https:\/\/schema.org","@graph":[{"@type":"WebPage","@id":"https:\/\/yuga.at\/dogadjaji\/adria-film-fest\/","url":"https:\/\/yuga.at\/dogadjaji\/adria-film-fest\/","name":"Adria Film Fest - YUga.at","isPartOf":{"@id":"https:\/\/yuga.at\/#website"},"primaryImageOfPage":{"@id":"https:\/\/yuga.at\/dogadjaji\/adria-film-fest\/#primaryimage"},"image":{"@id":"https:\/\/yuga.at\/dogadjaji\/adria-film-fest\/#primaryimage"},"thumbnailUrl":"https:\/\/yuga.at\/wp-content\/uploads\/adria-film-fest.jpg","datePublished":"2023-08-29T06:24:03+00:00","dateModified":"2023-08-29T06:24:04+00:00","breadcrumb":{"@id":"https:\/\/yuga.at\/dogadjaji\/adria-film-fest\/#breadcrumb"},"inLanguage":"de","potentialAction":[{"@type":"ReadAction","target":["https:\/\/yuga.at\/dogadjaji\/adria-film-fest\/"]}]},{"@type":"ImageObject","inLanguage":"de","@id":"https:\/\/yuga.at\/dogadjaji\/adria-film-fest\/#primaryimage","url":"https:\/\/yuga.at\/wp-content\/uploads\/adria-film-fest.jpg","contentUrl":"https:\/\/yuga.at\/wp-content\/uploads\/adria-film-fest.jpg","width":668,"height":528},{"@type":"BreadcrumbList","@id":"https:\/\/yuga.at\/dogadjaji\/adria-film-fest\/#breadcrumb","itemListElement":[{"@type":"ListItem","position":1,"name":"Home","item":"https:\/\/yuga.at\/"},{"@type":"ListItem","position":2,"name":"Adria Film Fest"}]},{"@type":"WebSite","@id":"https:\/\/yuga.at\/#website","url":"https:\/\/yuga.at\/","name":"YUga.at","description":"exYU Portal","publisher":{"@id":"https:\/\/yuga.at\/#organization"},"potentialAction":[{"@type":"SearchAction","target":{"@type":"EntryPoint","urlTemplate":"https:\/\/yuga.at\/?s={search_term_string}"},"query-input":{"@type":"PropertyValueSpecification","valueRequired":true,"valueName":"search_term_string"}}],"inLanguage":"de"},{"@type":"Organization","@id":"https:\/\/yuga.at\/#organization","name":"YUga.at","url":"https:\/\/yuga.at\/","logo":{"@type":"ImageObject","inLanguage":"de","@id":"https:\/\/yuga.at\/#\/schema\/logo\/image\/","url":"https:\/\/yuga.at\/wp-content\/uploads\/yuga-logo-black-250.png","contentUrl":"https:\/\/yuga.at\/wp-content\/uploads\/yuga-logo-black-250.png","width":250,"height":143,"caption":"YUga.at"},"image":{"@id":"https:\/\/yuga.at\/#\/schema\/logo\/image\/"},"sameAs":["https:\/\/www.facebook.com\/yuga.austria","https:\/\/www.instagram.com\/yuga.at\/"]}]}</script>
<!-- / Yoast SEO plugin. -->

3. festival domaćeg filma &#8220;Adria Film Fest&#8221; u Beču, od 7. do 10. septembra 2023., u organizaciji filmske distributerske kuće Adria Film i udruženja...
