{"id":9782,"date":"2025-01-06T12:48:20","date_gmt":"2025-01-06T11:48:20","guid":{"rendered":"https:\/\/yuga.at\/?post_type=mec-events&#038;p=9782"},"modified":"2025-01-06T12:48:21","modified_gmt":"2025-01-06T11:48:21","slug":"darko-grafa-stand-up-show","status":"publish","type":"mec-events","link":"https:\/\/yuga.at\/de\/dogadjaji\/darko-grafa-stand-up-show\/","title":{"rendered":"Darko &amp; Grafa &#8211; Stand Up Show"},"content":{"rendered":"<p class=\"has-text-align-left\"><mark style=\"background-color:rgba(0, 0, 0, 0)\" class=\"has-inline-color has-black-color\">Urania Kino<\/mark><br>Uranisastr. 1, 1010 Wien<br><br><mark style=\"background-color:rgba(0, 0, 0, 0)\" class=\"has-inline-color has-vivid-red-color\">Subota, 25.01.2025. u 20:00h<\/mark><\/p>\n\n\n\n<p>Ako volite Njuz to ne zna\u010di da \u0107ete voleti i njihov nastup, ali \u0161ta vas ko\u0161ta da do\u0111ete\u2026 OK, ko\u0161ta vas jer morate da platite kartu, ali gde danas mo\u017eete da se nasmejete za te pare!? Nigde, u pravu ste i zato ne\u0107ete ni ovde, ali \u0107ete barem prisustvovati istoriji, a i to je ne\u0161to.<br><br>U glavnim ulogama scenaristi Njuz-a i 24 Minuta za Zoranom Kesi\u0107em.<\/p>\n\n\n\n<div class=\"wp-block-buttons is-layout-flex wp-block-buttons-is-layout-flex\">\n<div class=\"wp-block-button\"><a class=\"wp-block-button__link wp-element-button\" href=\"https:\/\/events.eventjet.at\/e\/sad-nema-nazad\/\" target=\"_blank\" rel=\"noreferrer noopener\">LINK KA doga\u0111aju<\/a><\/div>\n<\/div>","protected":false},"excerpt":{"rendered":"<p>Urania KinoUranisastr. 1, 1010 Wien Subota, 25.01.2025. u 20:00h Ako volite Njuz to ne zna\u010di da \u0107ete voleti i njihov nastup, ali \u0161ta vas&#8230;<\/p>","protected":false},"author":3,"featured_media":16595,"comment_status":"closed","ping_status":"closed","template":"","tags":[],"mec_category":[365],"class_list":["post-9782","mec-events","type-mec-events","status-publish","has-post-thumbnail","hentry","mec_category-pozoriste","entry"],"acf":[],"yoast_head":"<!-- This site is optimized with the Yoast SEO plugin v27.3 - https:\/\/yoast.com\/product\/yoast-seo-wordpress\/ -->\n<title>Darko &amp; Grafa - Stand Up Show - YUga.at<\/title>\n<meta name=\"robots\" content=\"index, follow, max-snippet:-1, max-image-preview:large, max-video-preview:-1\" \/>\n<link rel=\"canonical\" href=\"https:\/\/yuga.at\/de\/dogadjaji\/darko-grafa-stand-up-show\/\" \/>\n<meta property=\"og:locale\" content=\"de_DE\" \/>\n<meta property=\"og:type\" content=\"article\" \/>\n<meta property=\"og:title\" content=\"Darko &amp; Grafa - Stand Up Show - YUga.at\" \/>\n<meta property=\"og:description\" content=\"Urania KinoUranisastr. 1, 1010 Wien Subota, 25.01.2025. u 20:00h Ako volite Njuz to ne zna\u010di da \u0107ete voleti i njihov nastup, ali \u0161ta vas...\" \/>\n<meta property=\"og:url\" content=\"https:\/\/yuga.at\/de\/dogadjaji\/darko-grafa-stand-up-show\/\" \/>\n<meta property=\"og:site_name\" content=\"YUga.at\" \/>\n<meta property=\"article:publisher\" content=\"https:\/\/www.facebook.com\/yuga.austria\" \/>\n<meta property=\"article:modified_time\" content=\"2025-01-06T11:48:21+00:00\" \/>\n<meta property=\"og:image\" content=\"https:\/\/yuga.at\/wp-content\/uploads\/Sad-nema-nazad-1a.str_.jpg\" \/>\n\t<meta property=\"og:image:width\" content=\"800\" \/>\n\t<meta property=\"og:image:height\" content=\"1131\" \/>\n\t<meta property=\"og:image:type\" content=\"image\/jpeg\" \/>\n<meta name=\"twitter:card\" content=\"summary_large_image\" \/>\n<meta name=\"twitter:label1\" content=\"Gesch\u00e4tzte Lesezeit\" \/>\n\t<meta name=\"twitter:data1\" content=\"1\u00a0Minute\" \/>\n<script type=\"application\/ld+json\" class=\"yoast-schema-graph\">{\"@context\":\"https:\\\/\\\/schema.org\",\"@graph\":[{\"@type\":\"WebPage\",\"@id\":\"https:\\\/\\\/yuga.at\\\/dogadjaji\\\/darko-grafa-stand-up-show\\\/\",\"url\":\"https:\\\/\\\/yuga.at\\\/dogadjaji\\\/darko-grafa-stand-up-show\\\/\",\"name\":\"Darko &amp; Grafa - Stand Up Show - YUga.at\",\"isPartOf\":{\"@id\":\"https:\\\/\\\/yuga.at\\\/#website\"},\"primaryImageOfPage\":{\"@id\":\"https:\\\/\\\/yuga.at\\\/dogadjaji\\\/darko-grafa-stand-up-show\\\/#primaryimage\"},\"image\":{\"@id\":\"https:\\\/\\\/yuga.at\\\/dogadjaji\\\/darko-grafa-stand-up-show\\\/#primaryimage\"},\"thumbnailUrl\":\"https:\\\/\\\/yuga.at\\\/wp-content\\\/uploads\\\/Sad-nema-nazad-1a.str_.jpg\",\"datePublished\":\"2025-01-06T11:48:20+00:00\",\"dateModified\":\"2025-01-06T11:48:21+00:00\",\"breadcrumb\":{\"@id\":\"https:\\\/\\\/yuga.at\\\/dogadjaji\\\/darko-grafa-stand-up-show\\\/#breadcrumb\"},\"inLanguage\":\"de\",\"potentialAction\":[{\"@type\":\"ReadAction\",\"target\":[\"https:\\\/\\\/yuga.at\\\/dogadjaji\\\/darko-grafa-stand-up-show\\\/\"]}]},{\"@type\":\"ImageObject\",\"inLanguage\":\"de\",\"@id\":\"https:\\\/\\\/yuga.at\\\/dogadjaji\\\/darko-grafa-stand-up-show\\\/#primaryimage\",\"url\":\"https:\\\/\\\/yuga.at\\\/wp-content\\\/uploads\\\/Sad-nema-nazad-1a.str_.jpg\",\"contentUrl\":\"https:\\\/\\\/yuga.at\\\/wp-content\\\/uploads\\\/Sad-nema-nazad-1a.str_.jpg\",\"width\":800,\"height\":1131},{\"@type\":\"BreadcrumbList\",\"@id\":\"https:\\\/\\\/yuga.at\\\/dogadjaji\\\/darko-grafa-stand-up-show\\\/#breadcrumb\",\"itemListElement\":[{\"@type\":\"ListItem\",\"position\":1,\"name\":\"Home\",\"item\":\"https:\\\/\\\/yuga.at\\\/\"},{\"@type\":\"ListItem\",\"position\":2,\"name\":\"Darko &amp; Grafa - Stand Up Show\"}]},{\"@type\":\"WebSite\",\"@id\":\"https:\\\/\\\/yuga.at\\\/#website\",\"url\":\"https:\\\/\\\/yuga.at\\\/\",\"name\":\"YUga.at\",\"description\":\"exYU Portal\",\"publisher\":{\"@id\":\"https:\\\/\\\/yuga.at\\\/#organization\"},\"potentialAction\":[{\"@type\":\"SearchAction\",\"target\":{\"@type\":\"EntryPoint\",\"urlTemplate\":\"https:\\\/\\\/yuga.at\\\/?s={search_term_string}\"},\"query-input\":{\"@type\":\"PropertyValueSpecification\",\"valueRequired\":true,\"valueName\":\"search_term_string\"}}],\"inLanguage\":\"de\"},{\"@type\":\"Organization\",\"@id\":\"https:\\\/\\\/yuga.at\\\/#organization\",\"name\":\"YUga.at\",\"url\":\"https:\\\/\\\/yuga.at\\\/\",\"logo\":{\"@type\":\"ImageObject\",\"inLanguage\":\"de\",\"@id\":\"https:\\\/\\\/yuga.at\\\/#\\\/schema\\\/logo\\\/image\\\/\",\"url\":\"https:\\\/\\\/yuga.at\\\/wp-content\\\/uploads\\\/yuga-logo-black-250.png\",\"contentUrl\":\"https:\\\/\\\/yuga.at\\\/wp-content\\\/uploads\\\/yuga-logo-black-250.png\",\"width\":250,\"height\":143,\"caption\":\"YUga.at\"},\"image\":{\"@id\":\"https:\\\/\\\/yuga.at\\\/#\\\/schema\\\/logo\\\/image\\\/\"},\"sameAs\":[\"https:\\\/\\\/www.facebook.com\\\/yuga.austria\",\"https:\\\/\\\/www.instagram.com\\\/yuga.at\\\/\"]}]}<\/script>\n<!-- \/ Yoast SEO plugin. -->","yoast_head_json":{"title":"Darko &amp; Grafa - Stand Up Show - YUga.at","robots":{"index":"index","follow":"follow","max-snippet":"max-snippet:-1","max-image-preview":"max-image-preview:large","max-video-preview":"max-video-preview:-1"},"canonical":"https:\/\/yuga.at\/de\/dogadjaji\/darko-grafa-stand-up-show\/","og_locale":"de_DE","og_type":"article","og_title":"Darko &amp; Grafa - Stand Up Show - YUga.at","og_description":"Urania KinoUranisastr. 1, 1010 Wien Subota, 25.01.2025. u 20:00h Ako volite Njuz to ne zna\u010di da \u0107ete voleti i njihov nastup, ali \u0161ta vas...","og_url":"https:\/\/yuga.at\/de\/dogadjaji\/darko-grafa-stand-up-show\/","og_site_name":"YUga.at","article_publisher":"https:\/\/www.facebook.com\/yuga.austria","article_modified_time":"2025-01-06T11:48:21+00:00","og_image":[{"width":800,"height":1131,"url":"https:\/\/yuga.at\/wp-content\/uploads\/Sad-nema-nazad-1a.str_.jpg","type":"image\/jpeg"}],"twitter_card":"summary_large_image","twitter_misc":{"Gesch\u00e4tzte Lesezeit":"1\u00a0Minute"},"schema":{"@context":"https:\/\/schema.org","@graph":[{"@type":"WebPage","@id":"https:\/\/yuga.at\/dogadjaji\/darko-grafa-stand-up-show\/","url":"https:\/\/yuga.at\/dogadjaji\/darko-grafa-stand-up-show\/","name":"Darko &amp; Grafa - Stand Up Show - YUga.at","isPartOf":{"@id":"https:\/\/yuga.at\/#website"},"primaryImageOfPage":{"@id":"https:\/\/yuga.at\/dogadjaji\/darko-grafa-stand-up-show\/#primaryimage"},"image":{"@id":"https:\/\/yuga.at\/dogadjaji\/darko-grafa-stand-up-show\/#primaryimage"},"thumbnailUrl":"https:\/\/yuga.at\/wp-content\/uploads\/Sad-nema-nazad-1a.str_.jpg","datePublished":"2025-01-06T11:48:20+00:00","dateModified":"2025-01-06T11:48:21+00:00","breadcrumb":{"@id":"https:\/\/yuga.at\/dogadjaji\/darko-grafa-stand-up-show\/#breadcrumb"},"inLanguage":"de","potentialAction":[{"@type":"ReadAction","target":["https:\/\/yuga.at\/dogadjaji\/darko-grafa-stand-up-show\/"]}]},{"@type":"ImageObject","inLanguage":"de","@id":"https:\/\/yuga.at\/dogadjaji\/darko-grafa-stand-up-show\/#primaryimage","url":"https:\/\/yuga.at\/wp-content\/uploads\/Sad-nema-nazad-1a.str_.jpg","contentUrl":"https:\/\/yuga.at\/wp-content\/uploads\/Sad-nema-nazad-1a.str_.jpg","width":800,"height":1131},{"@type":"BreadcrumbList","@id":"https:\/\/yuga.at\/dogadjaji\/darko-grafa-stand-up-show\/#breadcrumb","itemListElement":[{"@type":"ListItem","position":1,"name":"Home","item":"https:\/\/yuga.at\/"},{"@type":"ListItem","position":2,"name":"Darko &amp; Grafa - Stand Up Show"}]},{"@type":"WebSite","@id":"https:\/\/yuga.at\/#website","url":"https:\/\/yuga.at\/","name":"YUga.at","description":"exYU Portal","publisher":{"@id":"https:\/\/yuga.at\/#organization"},"potentialAction":[{"@type":"SearchAction","target":{"@type":"EntryPoint","urlTemplate":"https:\/\/yuga.at\/?s={search_term_string}"},"query-input":{"@type":"PropertyValueSpecification","valueRequired":true,"valueName":"search_term_string"}}],"inLanguage":"de"},{"@type":"Organization","@id":"https:\/\/yuga.at\/#organization","name":"YUga.at","url":"https:\/\/yuga.at\/","logo":{"@type":"ImageObject","inLanguage":"de","@id":"https:\/\/yuga.at\/#\/schema\/logo\/image\/","url":"https:\/\/yuga.at\/wp-content\/uploads\/yuga-logo-black-250.png","contentUrl":"https:\/\/yuga.at\/wp-content\/uploads\/yuga-logo-black-250.png","width":250,"height":143,"caption":"YUga.at"},"image":{"@id":"https:\/\/yuga.at\/#\/schema\/logo\/image\/"},"sameAs":["https:\/\/www.facebook.com\/yuga.austria","https:\/\/www.instagram.com\/yuga.at\/"]}]}},"taxonomy_info":{"mec_category":[{"value":365,"label":"Pozori\u0161te"}]},"featured_image_src_large":["https:\/\/yuga.at\/wp-content\/uploads\/Sad-nema-nazad-1a.str_.jpg",798,1128,false],"author_info":{"display_name":"Srdjan","author_link":"https:\/\/yuga.at\/de\/author\/srdjan\/"},"comment_info":0,"_links":{"self":[{"href":"https:\/\/yuga.at\/de\/wp-json\/wp\/v2\/mec-events\/9782","targetHints":{"allow":["GET"]}}],"collection":[{"href":"https:\/\/yuga.at\/de\/wp-json\/wp\/v2\/mec-events"}],"about":[{"href":"https:\/\/yuga.at\/de\/wp-json\/wp\/v2\/types\/mec-events"}],"author":[{"embeddable":true,"href":"https:\/\/yuga.at\/de\/wp-json\/wp\/v2\/users\/3"}],"replies":[{"embeddable":true,"href":"https:\/\/yuga.at\/de\/wp-json\/wp\/v2\/comments?post=9782"}],"wp:featuredmedia":[{"embeddable":true,"href":"https:\/\/yuga.at\/de\/wp-json\/wp\/v2\/media\/16595"}],"wp:attachment":[{"href":"https:\/\/yuga.at\/de\/wp-json\/wp\/v2\/media?parent=9782"}],"wp:term":[{"taxonomy":"post_tag","embeddable":true,"href":"https:\/\/yuga.at\/de\/wp-json\/wp\/v2\/tags?post=9782"},{"taxonomy":"mec_category","embeddable":true,"href":"https:\/\/yuga.at\/de\/wp-json\/wp\/v2\/mec_category?post=9782"}],"curies":[{"name":"wp","href":"https:\/\/api.w.org\/{rel}","templated":true}]}}

<p class="has-text-align-left"><mark style="background-color:rgba(0, 0, 0, 0)" class="has-inline-color has-black-color">Urania Kino</mark><br>Uranisastr. 1, 1010 Wien<br><br><mark style="background-color:rgba(0, 0, 0, 0)" class="has-inline-color has-vivid-red-color">Subota, 25.01.2025. u 20:00h</mark></p>



<p>Ako volite Njuz to ne znači da ćete voleti i njihov nastup, ali šta vas košta da dođete… OK, košta vas jer morate da platite kartu, ali gde danas možete da se nasmejete za te pare!? Nigde, u pravu ste i zato nećete ni ovde, ali ćete barem prisustvovati istoriji, a i to je nešto.<br><br>U glavnim ulogama scenaristi Njuz-a i 24 Minuta za Zoranom Kesićem.</p>



<div class="wp-block-buttons is-layout-flex wp-block-buttons-is-layout-flex">
<div class="wp-block-button"><a class="wp-block-button__link wp-element-button" href="https://events.eventjet.at/e/sad-nema-nazad/" target="_blank" rel="noreferrer noopener">LINK KA događaju</a></div>
</div>

<p>Urania KinoUranisastr. 1, 1010 Wien Subota, 25.01.2025. u 20:00h Ako volite Njuz to ne znači da ćete voleti i njihov nastup, ali šta vas&#8230;</p>

<!-- This site is optimized with the Yoast SEO plugin v27.3 - https://yoast.com/product/yoast-seo-wordpress/ -->
<title>Darko &amp; Grafa - Stand Up Show - YUga.at</title>
<meta name="robots" content="index, follow, max-snippet:-1, max-image-preview:large, max-video-preview:-1" />
<link rel="canonical" href="https://yuga.at/de/dogadjaji/darko-grafa-stand-up-show/" />
<meta property="og:locale" content="de_DE" />
<meta property="og:type" content="article" />
<meta property="og:title" content="Darko &amp; Grafa - Stand Up Show - YUga.at" />
<meta property="og:description" content="Urania KinoUranisastr. 1, 1010 Wien Subota, 25.01.2025. u 20:00h Ako volite Njuz to ne znači da ćete voleti i njihov nastup, ali šta vas..." />
<meta property="og:url" content="https://yuga.at/de/dogadjaji/darko-grafa-stand-up-show/" />
<meta property="og:site_name" content="YUga.at" />
<meta property="article:publisher" content="https://www.facebook.com/yuga.austria" />
<meta property="article:modified_time" content="2025-01-06T11:48:21+00:00" />
<meta property="og:image" content="https://yuga.at/wp-content/uploads/Sad-nema-nazad-1a.str_.jpg" />
	<meta property="og:image:width" content="800" />
	<meta property="og:image:height" content="1131" />
	<meta property="og:image:type" content="image/jpeg" />
<meta name="twitter:card" content="summary_large_image" />
<meta name="twitter:label1" content="Geschätzte Lesezeit" />
	<meta name="twitter:data1" content="1 Minute" />
<script type="application/ld+json" class="yoast-schema-graph">{"@context":"https:\/\/schema.org","@graph":[{"@type":"WebPage","@id":"https:\/\/yuga.at\/dogadjaji\/darko-grafa-stand-up-show\/","url":"https:\/\/yuga.at\/dogadjaji\/darko-grafa-stand-up-show\/","name":"Darko &amp; Grafa - Stand Up Show - YUga.at","isPartOf":{"@id":"https:\/\/yuga.at\/#website"},"primaryImageOfPage":{"@id":"https:\/\/yuga.at\/dogadjaji\/darko-grafa-stand-up-show\/#primaryimage"},"image":{"@id":"https:\/\/yuga.at\/dogadjaji\/darko-grafa-stand-up-show\/#primaryimage"},"thumbnailUrl":"https:\/\/yuga.at\/wp-content\/uploads\/Sad-nema-nazad-1a.str_.jpg","datePublished":"2025-01-06T11:48:20+00:00","dateModified":"2025-01-06T11:48:21+00:00","breadcrumb":{"@id":"https:\/\/yuga.at\/dogadjaji\/darko-grafa-stand-up-show\/#breadcrumb"},"inLanguage":"de","potentialAction":[{"@type":"ReadAction","target":["https:\/\/yuga.at\/dogadjaji\/darko-grafa-stand-up-show\/"]}]},{"@type":"ImageObject","inLanguage":"de","@id":"https:\/\/yuga.at\/dogadjaji\/darko-grafa-stand-up-show\/#primaryimage","url":"https:\/\/yuga.at\/wp-content\/uploads\/Sad-nema-nazad-1a.str_.jpg","contentUrl":"https:\/\/yuga.at\/wp-content\/uploads\/Sad-nema-nazad-1a.str_.jpg","width":800,"height":1131},{"@type":"BreadcrumbList","@id":"https:\/\/yuga.at\/dogadjaji\/darko-grafa-stand-up-show\/#breadcrumb","itemListElement":[{"@type":"ListItem","position":1,"name":"Home","item":"https:\/\/yuga.at\/"},{"@type":"ListItem","position":2,"name":"Darko &amp; Grafa - Stand Up Show"}]},{"@type":"WebSite","@id":"https:\/\/yuga.at\/#website","url":"https:\/\/yuga.at\/","name":"YUga.at","description":"exYU Portal","publisher":{"@id":"https:\/\/yuga.at\/#organization"},"potentialAction":[{"@type":"SearchAction","target":{"@type":"EntryPoint","urlTemplate":"https:\/\/yuga.at\/?s={search_term_string}"},"query-input":{"@type":"PropertyValueSpecification","valueRequired":true,"valueName":"search_term_string"}}],"inLanguage":"de"},{"@type":"Organization","@id":"https:\/\/yuga.at\/#organization","name":"YUga.at","url":"https:\/\/yuga.at\/","logo":{"@type":"ImageObject","inLanguage":"de","@id":"https:\/\/yuga.at\/#\/schema\/logo\/image\/","url":"https:\/\/yuga.at\/wp-content\/uploads\/yuga-logo-black-250.png","contentUrl":"https:\/\/yuga.at\/wp-content\/uploads\/yuga-logo-black-250.png","width":250,"height":143,"caption":"YUga.at"},"image":{"@id":"https:\/\/yuga.at\/#\/schema\/logo\/image\/"},"sameAs":["https:\/\/www.facebook.com\/yuga.austria","https:\/\/www.instagram.com\/yuga.at\/"]}]}</script>
<!-- / Yoast SEO plugin. -->

Urania KinoUranisastr. 1, 1010 Wien Subota, 25.01.2025. u 20:00h Ako volite Njuz to ne znači da ćete voleti i njihov nastup, ali šta vas...

Pozorište
